 is divided by k(0).
24
Suppose 28 = r - 3*n, 2 - 6 = n. Let a = r + 6. Calculate the remainder when a is divided by 6.
4
Suppose -5*r + 395 = -5*a, -4*r = -r - 5*a - 229. Suppose 1 + r = q. What is the remainder when q is divided by 17?
16
Suppose 0 = -4*j - 334 + 134. Let t = j - -73. What is the remainder when 88 is divided by t?
19
Suppose 16*j - 12*j = -3*r + 2774, -3662 = -4*r + 2*j. What is the remainder when r is divided by 46?
44
Suppose 4*m + 10 = 2*m. Suppose -u = -5*o - 78 + 3, u = -4*o + 48. What is the remainder when 3*m/(u/(-212)) is divided by 27?
26
Suppose -2*g + 104 = 54. Calculate the remainder when 44 is divided by g.
19
Suppose -2*y = -5*w + 465, w + 17 = 5*y + 87. What is the remainder when w is divided by 80?
15
Let u(l) = 5*l**2 - 9*l + 12. Let x be u(6). Suppose -37 + 139 = 3*d + 4*a, 5*d - x = 4*a. Calculate the remainder when d is divided by 16.
14
What is the remainder when 111 is divided by (-10)/((-60)/(-18)) - -31?
27
Suppose 2*w + 50 = 2*a, 6*w = -a + 11*w + 13. Calculate the remainder when 286 is divided by a.
6
Let h(r) = -6*r + 122. Calculate the remainder when h(12) is divided by 4.
2
Let l(j) = -2*j + 11. Calculate the remainder when l(-10) is divided by 24.
7
Let v be 2*1*(-2)/(-4). Let d(a) = 11*a. Calculate the remainder when d(v) is divided by (-3)/6*(-5 + -1).
2
Let s(a) = a**2 - 2. Let i(v) = -v**2 + v + 1. Let o(x) = 5*i(x) + 4*s(x). Calculate the remainder when o(3) is divided by 3.
0
Let b(h) = 53*h - 2110. Suppose 149 = 5*f + 39. Calculate the remainder when b(41) is divided by f.
19
Suppose 5 = -a + 3, 4*a - 148 = -g. What is the remainder when g is divided by 46?
18
Let r = 334 - 322. What is the remainder when 42 is divided by r?
6
Let f(q) = 34*q**2 - 7*q - 9. What is the remainder when f(-3) is divided by 64?
62
Suppose -5*q + 3*q = 4*p - 570, 3*p = 4*q + 422. Calculate the remainder when p is divided by 13.
12
Suppose -50*d + 656 = 32*d. What is the remainder when 295 is divided by d?
7
Suppose 2*r - 2 - 6 = 0, 2*y = -r + 8. Suppose y*m = 2*j + 158, -2*j - 3*j = 15. Suppose a = -3*a + m. What is the remainder when a is divided by 5?
4
Let j = 8 - 3. Let n(s) = 2*s**2 - 32*s + 75. Calculate the remainder when n(14) is divided by j.
4
Suppose -10*l = -5*a - 11*l + 45, 4*a - 5*l = 65. What is the remainder when (-4)/a - (-469)/35 is divided by 3?
1
Let x(p) = 14*p. Let y be x(1). Let v = 88 - y. Let u = 139 - 114. Calculate the remainder when v is divided by u.
24
Let u = 38 - -85. Suppose 3*q - u = -0*q. Let l = 57 - q. Calculate the remainder when 63 is divided by l.
15
Let l(c) be the second derivative of 1/6*c**3 + 0 + 0*c**2 - c. Calculate the remainder when l(12) is divided by 5.
2
Let p(f) = -9*f + 1. Let x be 3/1 - -6*3/(-9). What is the remainder when p(-5) is divided by ((-70)/15 + 5)/(x/48)?
14
Suppose 9*r + 48 = -6. Suppose -j + 70 = 4*v + 4*j, -4*j = 3*v - 53. Let a = v + r. What is the remainder when 26 is divided by a?
8
Suppose -3*p = 3*c - 12, p + 3*c + 4 - 12 = 0. Let o = 60 + p. What is the remainder when o is divided by 11?
7
Let m = -81 + 105. Calculate the remainder when 67 is divided by m.
19
Suppose 139 = 15*n - 911. Let j be (-2)/(-2*(-1)/(-6)). Suppose t + n = j*t. Calculate the remainder when 27 is divided by t.
13
Suppose -176*o - 161 = -3153. Calculate the remainder when 48 - -1*(-1 + 0) is divided by o.
13
Let f = 1011 - 909. What is the remainder when 389 is divided by f?
83
Let u(z) = z + 3. Calculate the remainder when 86 is divided by u(7).
6
Let l(o) = o**3 + 7*o**2 + 12*o + 24. Suppose -3*w = 3*f - 5*f - 31, -4*f = -4*w + 36. Calculate the remainder when l(-4) is divided by w.
11
Let d(g) = 18*g - 148. Calculate the remainder when 161 is divided by d(13).
75
Let s(t) = t**3 + 5*t**2 - 7*t. Let u(i) = -2*i**2 - 9*i + 10. Calculate the remainder when s(-5) is divided by u(0).
5
Let z(h) = -h + 5. Let b(m) be the third derivative of -m**4/24 + 17*m**3/6 + m**2. What is the remainder when b(5) is divided by z(0)?
2
Suppose -37*x + 3435 = -34*x + 3*p, -2293 = -2*x - p. What is the remainder when x is divided by 36?
32
Let m(z) = z**3 + 5*z**2 - 7*z + 7. What is the remainder when (-1 - 0)/(5 + 642/(-128)) is divided by m(-6)?
12
Let f(a) = a**2 - a - 1. Let h be (-2 - -4 - 1) + 1. Calculate the remainder when h/8 + 119/4 is divided by f(4).
8
Let c = -1690 + 1709. Calculate the remainder when 24 is divided by c.
5
Suppose -4*z + 72 = z + 3*l, -3*z + 4*l + 20 = 0. Suppose -2*a = 2, -4*j + 0*a = -2*a - 186. Calculate the remainder when j is divided by z.
10
Let y(f) = f**2 - 4*f + 5. Let t(g) = -g - 1. Let s(a) = -4*t(a) + y(a). Calculate the remainder when 20 is divided by s(0).
2
Let r(b) = 7*b**2 + 7*b - 9. Let h(z) = -z**2 + 13*z - 10. Let s be h(12). What is the remainder when r(s) is divided by 9?
6
Let x(v) = v**2 + 10*v - 9. Let p be x(-11). Suppose p*k = -0*k. Suppose 5*l - 7 - 23 = k. Calculate the remainder when 11 is divided by l.
5
Let o = -26 - -35. What is the remainder when 1256/24 + 6/o is divided by 14?
11
Suppose -2*u - 4*r = -0*r, 2*u - 4*r = 16. Suppose 0 = -0*z + u*z + i - 74, -52 = -3*z + i. Let x = z + -5. What is the remainder when 25 is divided by x?
12
Suppose -3*p = 202 + 107. Let b = 178 + p. Calculate the remainder when b is divided by 26.
23
Suppose -5 = 5*p - 30. Suppose -3*v + m = -9, p*v - 8 = 4*v + 2*m. Suppose -7*n = -v*n - 370. Calculate the remainder when n is divided by 19.
17
Let p(j) = 3*j - 9. Suppose -545 = -7*a - 153. What is the remainder when a is divided by p(7)?
8
Calculate the remainder when (-2 + 7/3)/(25/75) is divided by 1.
0
Let s = 25 - 17. Suppose -a - 43 = -4*u, -3*u - 5*a = -31 + 16. Let q = u - s. What is the remainder when 7 is divided by q?
1
Suppose -82 + 22 = -4*i. Suppose 3*y = -5*q + 50 - 19, -q = 5*y - i. Suppose 8 = 2*l - y. What is the remainder when 8 is divided by l?
3
Let b(d) = 40*d - 65. What is the remainder when b(7) is divided by 55?
50
Suppose 5*m = -3*i + 29, -7*m + 19 = i - 3*m. Let v(u) = 16*u**2 + 79*u - 2. Calculate the remainder when v(-5) is divided by i.
0
Suppose 4*t - 310 = -2*n, 12*t - 11*t = 5. What is the remainder when n is divided by 31?
21
Let v = -1560 - -1578. What is the remainder when 610 is divided by v?
16
Let c = 1827 - 1302. Calculate the remainder when c is divided by 12.
9
Let k = -112 + 123. Calculate the remainder when 58 is divided by k.
3
Let q(v) = -2*v + 17. Let m = 35 + -42. What is the remainder when 123 is divided by q(m)?
30
Suppose 41 = -2*l - 3. Let v = -185 + 175. Let j = v - l. Calculate the remainder when 22 is divided by j.
10
Let k(f) = 1 - 5 + 4*f**2 - 5*f**2 + 4*f. Let l be k(4). Let o = 16 + l. What is the remainder when o is divided by 5?
2
Let c(a) = -a + 6. Let z = -32 - -32. Suppose 4*h - 2*h + 14 = z. Calculate the remainder when 62 is divided by c(h).
10
Let h = 2 - -1. What is the remainder when 3 + 18 + (h - 1) is divided by 8?
7
Let u = 10 + -16. Let q = 21 + u. Let h(g) = g**3 + 8*g**2 - 28*g + 8. Calculate the remainder when h(4) is divided by q.
13
What is the remainder when 768 is divided by (22/10)/(37/185)?
9
Suppose 12*q = 10*q + 72. What is the remainder when 11 is divided by ((-9)/q)/((-1)/12)?
2
Let o(p) = p**2 + 2*p + 14. Let x = -101 + 94. Calculate the remainder when o(x) is divided by 13.
10
Let r = -717 + 976. What is the remainder when r is divided by 13?
12
Let l(m) = 6*m**2 - 5*m + 5. Calculate the remainder when l(3) is divided by 36.
8
Suppose -6 = 5*v - 4*z + 3, 5*z - 9 = 4*v. Let o(u) = -5*u + 6*u - 2 + 4 - 7*u**3 + 0*u. What is the remainder when 14 is divided by o(v)?
6
Let t = 11 + 84. Suppose -2*y = -0*y - 50. What is the remainder when t is divided by y?
20
Let x(b) = -87*b - 2. Let n = -48 - -47. Calculate the remainder when x(n) is divided by ((-21)/1 + -1)/(-1).
19
Let r(l) = 49*l - 12. Let n be r(3). Let s = -127 + n. Suppose -3*m = 2*m - 140. Calculate the remainder when m is divided by s.
4
Suppose -37 = -5*a + 4*h, -3*h - 17 = -a + h. Suppose -39 - 1 = -a*q. Suppose 2*x + 0*b = -5*b + 67, b = 1. Calculate the remainder when x is divided by q.
7
Suppose 2445 = 55*o + 575. What is the remainder when o is divided by (-9)/((2/(-1))/2)?
7
Suppose 5*f + 13 + 19 = -3*u, -2*u = -f + 4. Let b be u/6*(-8 - -